ctors of 2344660.
2, 5, 59, 1987
What are the prime factors of 3100891?
313, 9907
List the prime factors of 133515.
3, 5, 23, 43
What are the prime factors of 5941364?
2, 11, 13, 17, 47
What are the prime factors of 463172?
2, 115793
What are the prime factors of 272349?
3, 7, 11, 131
List the prime factors of 1974381.
3, 658127
List the prime factors of 77713.
77713
What are the prime factors of 6510869?
6510869
What are the prime factors of 3508801?
149, 23549
List the prime factors of 590760.
2, 3, 5, 547
What are the prime factors of 2179794?
2, 3, 19, 19121
List the prime factors of 4417374.
2, 3, 13, 56633
List the prime factors of 3362478.
2, 3, 7, 11437
List the prime factors of 3406445.
5, 7, 97327
List the prime factors of 260428.
2, 7, 71, 131
List the prime factors of 26548418.
2, 13, 1021093
What are the prime factors of 471387?
3, 7, 22447
List the prime factors of 696267.
3, 11, 13, 541
List the prime factors of 101098.
2, 50549
List the prime factors of 228442.
2, 114221
List the prime factors of 129142.
2, 13, 4967
What are the prime factors of 175969?
149, 1181
What are the prime factors of 217372?
2, 31, 1753
List the prime factors of 33864457.
11, 3078587
List the prime factors of 1291190.
2, 5, 129119
What are the prime factors of 3867213?
3, 7, 184153
What are the prime factors of 808192?
2, 7, 11, 41
List the prime factors of 1484726.
2, 79, 9397
What are the prime factors of 107113?
43, 47, 53
List the prime factors of 1448112.
2, 3, 30169
List the prime factors of 1125850.
2, 5, 11, 23, 89
What are the prime factors of 21624303?
3, 2137, 3373
What are the prime factors of 111540?
2, 3, 5, 11, 13
List the prime factors of 329607.
3, 53, 691
What are the prime factors of 8192657?
11, 17, 193, 227
List the prime factors of 3301537.
883, 3739
What are the prime factors of 6767044?
2, 389, 4349
List the prime factors of 226809.
3, 11, 29, 79
What are the prime factors of 6193?
11, 563
What are the prime factors of 561985?
5, 112397
What are the prime factors of 19475361?
3, 19, 113891
List the prime factors of 330328.
2, 157, 263
List the prime factors of 240978.
2, 3, 40163
What are the prime factors of 93225?
3, 5, 11, 113
What are the prime factors of 365211?
3, 7, 11, 17, 31
List the prime factors of 482752.
2, 19, 397
List the prime factors of 6926667.
3, 11, 17, 12347
List the prime factors of 728351.
13, 179, 313
List the prime factors of 612599.
13, 47123
What are the prime factors of 5633241?
3, 233, 8059
What are the prime factors of 33100?
2, 5, 331
What are the prime factors of 74045?
5, 59, 251
List the prime factors of 51001.
51001
List the prime factors of 2702098.
2, 7, 257, 751
What are the prime factors of 656205?
3, 5, 11, 41, 97
What are the prime factors of 2168857?
67, 32371
What are the prime factors of 15530470?
2, 5, 139, 11173
What are the prime factors of 58353?
3, 53, 367
List the prime factors of 68045.
5, 31, 439
What are the prime factors of 85954?
2, 11, 3907
List the prime factors of 3196719.
3, 197, 601
What are the prime factors of 8242835?
5, 1648567
List the prime factors of 183701.
7, 23, 163
What are the prime factors of 499718?
2, 249859
List the prime factors of 9318799.
7, 929, 1433
What are the prime factors of 38217?
3, 12739
What are the prime factors of 391709?
103, 3803
List the prime factors of 114955.
5, 83, 277
What are the prime factors of 20971625?
5, 17, 71, 139
What are the prime factors of 5182044?
2, 3, 7, 1259
What are the prime factors of 10820788?
2, 11, 79, 283
List the prime factors of 4875992.
2, 11, 67, 827
What are the prime factors of 352164?
2, 3, 29347
List the prime factors of 5493576.
2, 3, 11, 20809
List the prime factors of 1916151.
3, 638717
List the prime factors of 168262.
2, 84131
List the prime factors of 2015226.
2, 3, 67, 557
List the prime factors of 9298942.
2, 19, 107, 2287
List the prime factors of 323625.
3, 5, 863
What are the prime factors of 861008?
2, 53813
List the prime factors of 436848.
2, 3, 19, 479
List the prime factors of 18231590.
2, 5, 13, 59, 2377
List the prime factors of 517362.
2, 3, 23, 163
What are the prime factors of 205855?
5, 13, 3167
List the prime factors of 139783.
7, 19, 1051
List the prime factors of 361870.
2, 5, 36187
List the prime factors of 4524377.
11, 13, 29, 1091
List the prime factors of 1178944.
2, 13, 109
What are the prime factors of 7484026?
2, 11, 340183
List the prime factors of 820167.
3, 31, 8819
List the prime factors of 88075.
5, 13, 271
List the prime factors of 8322859.
2719, 3061
What are the prime factors of 357704?
2, 61, 733
List the prime factors of 137291.
7, 11, 1783
List the prime factors of 348874.
2, 17, 31, 331
What are the prime factors of 3097528?
2, 7, 55313
List the prime factors of 4112628.
2, 3, 13, 41, 643
List the prime factors of 2709021.
3, 7, 129001
List the prime factors of 766285.
5, 13, 11789
What are the prime factors of 1290737?
7, 23, 8017
List the prime factors of 17164231.
7, 2452033
List the prime factors of 213071.
71, 3001
List the prime factors of 27506290.
2, 5, 7, 97, 4051
What are the prime factors of 561355?
5, 19, 311
List the prime factors of 4438746.
2, 3, 13, 6323
What are the prime factors of 925621?
925621
List the prime factors of 3568643.
13, 211, 1301
List the prime factors of 68561.
17, 37, 109
What are the prime factors of 6599977?
97, 68041
What are the prime factors of 10997474?
2, 71, 77447
List the prime factors of 77064.
2, 3, 13, 19
What are the prime factors of 8850533?
8850533
What are the prime factors of 9920200?
2, 5, 193, 257
What are the prime factors of 2976937?
29, 102653
What are the prime factors of 17821040?
2, 5, 331, 673
List the prime factors of 13994700.
2, 3, 5, 46649
What are the prime factors of 9602440?
2, 5, 67, 3583
What are the prime factors of 198331?
7, 29, 977
What are the prime factors of 21320?
2, 5, 13, 41
List the prime factors of 2024656.
2, 126541
List the prime factors of 7063115.
5, 37, 73, 523
List the prime factors of 5234823.
3, 11, 19, 23
List the prime factors of 64986.
2, 3, 10831
What are the prime factors of 141395?
5, 28279
What are the prime factors of 131677?
7, 13, 1447
List the prime factors of 264823.
13, 1567
List the prime factors of 821151.
3, 17, 1789
What are the prime factors of 659479?
23, 53, 541
List the prime factors of 1705982.
2, 43, 83, 239
List the prime factors of 431084.
2, 47, 2293
List the prime factors of 1272916.
2, 318229
What are the prime factors of 385384?
2, 67, 719
List the prime factors of 1185353.
13, 19, 4799
What are the prime factors of 66565?
5, 13313
List the prime factors of 48758.
2, 24379
What are the prime factors of 7077628?
2, 43, 41149
What are the prime factors of 17889858?
2, 3, 7, 41, 3463
List the prime factors of 18086.
2, 9043
List the prime factors of 919114.
2, 7, 65651
What are the prime factors of 12855049?
31, 414679
List the prime factors of 545282.
2, 103, 2647
List the prime factors of 1117011.
3, 7, 43, 1237
What are the prime factors of 5737113?
3, 373, 1709
What are the prime factors of 1745515?
5, 59, 61, 97
List the prime factors of 422796.
2, 3, 11, 3203
What are the prime factors of 36163558?
2, 41, 191, 2309
List the prime factors of 270243.
3, 10009
List the prime factors of 3031696.
2, 89, 2129
List the prime factors of 50589.
3, 7, 11, 73
List the prime factors of 190336.
2, 1487
What are the prime factors of 4734725?
5, 189389
What are the prime factors of 15146793?
3, 43, 39139
List the prime factors of 131802.
2, 3, 11, 1997
List the prime factors of 127635.
3, 5, 67, 127
What are the prime factors of 2532785?
5, 617, 821
What are the prime factors of 27248759?
79, 344921
What are the prime factors of 1193361?
3, 13, 37, 827
List the prime factors of 3064861.
3064861
What are the prime factors of 586238?
2, 157, 1867
List the prime factors of 12553573.
12553573
What are the prime factors of 4635182?
2, 31, 74761
List the prime factors of 43399.
43399
What are the prime factors of 255211?
11, 23201
What are the prime factors of 171977?
13, 13229
List the prime factors of 15102.
2, 3, 839
List the prime factors of 5324714.
2, 251, 10607
What are the prime factors of 2448316?
2, 13, 197, 239
What are the prime factors of 81